[INFO] cloning repository https://github.com/Nucleon-eV/WanderAPI
[INFO] running `Command { std: "git" "-c" "credential.helper=" "-c" "credential.helper=/workspace/cargo-home/bin/git-credential-null" "clone" "--bare" "https://github.com/Nucleon-eV/WanderAPI" "/workspace/cache/git-repos/https%3A%2F%2Fgithub.com%2FNucleon-eV%2FWanderAPI", kill_on_drop: false }`
[INFO] [stderr] Cloning into bare repository '/workspace/cache/git-repos/https%3A%2F%2Fgithub.com%2FNucleon-eV%2FWanderAPI'...
[INFO] running `Command { std: "git" "rev-parse" "HEAD", kill_on_drop: false }`
[INFO] [stdout] c1573b51cfb3ffa23e7dd23e1860d0fdf18d703d
[INFO] checking Nucleon-eV/WanderAPI against master#e6e4f7ed1589e03bc2f6c5931c1a72e7947e8682 for beta-170-4
[INFO] running `Command { std: "git" "clone" "/workspace/cache/git-repos/https%3A%2F%2Fgithub.com%2FNucleon-eV%2FWanderAPI" "/workspace/builds/worker-4-tc2/source", kill_on_drop: false }`
[INFO] [stderr] Cloning into '/workspace/builds/worker-4-tc2/source'...
[INFO] [stderr] done.
[INFO] validating manifest of git repo https://github.com/Nucleon-eV/WanderAPI on toolchain e6e4f7ed1589e03bc2f6c5931c1a72e7947e8682
[INFO] running `Command { std: CARGO_HOME="/workspace/cargo-home" RUSTUP_HOME="/workspace/rustup-home" "/workspace/cargo-home/bin/cargo" "+e6e4f7ed1589e03bc2f6c5931c1a72e7947e8682" "metadata" "--manifest-path" "Cargo.toml" "--no-deps", kill_on_drop: false }`
[INFO] started tweaking git repo https://github.com/Nucleon-eV/WanderAPI
[INFO] finished tweaking git repo https://github.com/Nucleon-eV/WanderAPI
[INFO] tweaked toml for git repo https://github.com/Nucleon-eV/WanderAPI written to /workspace/builds/worker-4-tc2/source/Cargo.toml
[INFO] crate git repo https://github.com/Nucleon-eV/WanderAPI already has a lockfile, it will not be regenerated
[INFO] running `Command { std: CARGO_HOME="/workspace/cargo-home" RUSTUP_HOME="/workspace/rustup-home" "/workspace/cargo-home/bin/cargo" "+e6e4f7ed1589e03bc2f6c5931c1a72e7947e8682" "fetch" "--manifest-path" "Cargo.toml", kill_on_drop: false }`
[INFO] running `Command { std: "docker" "create" "-v" "/var/lib/crater-agent-workspace/builds/worker-4-tc2/target:/opt/rustwide/target:rw,Z" "-v" "/var/lib/crater-agent-workspace/builds/worker-4-tc2/source:/opt/rustwide/workdir:ro,Z" "-v" "/var/lib/crater-agent-workspace/cargo-home:/opt/rustwide/cargo-home:ro,Z" "-v" "/var/lib/crater-agent-workspace/rustup-home:/opt/rustwide/rustup-home:ro,Z" "-e" "SOURCE_DIR=/opt/rustwide/workdir" "-e" "CARGO_TARGET_DIR=/opt/rustwide/target" "-e" "CARGO_HOME=/opt/rustwide/cargo-home" "-e" "RUSTUP_HOME=/opt/rustwide/rustup-home" "-w" "/opt/rustwide/workdir" "-m" "1610612736" "--user" "0:0" "--network" "none" "ghcr.io/rust-lang/crates-build-env/linux@sha256:19e73879b68f455e41552ea35293514db52ea292d993f571636dbffedb77a1ee" "/opt/rustwide/cargo-home/bin/cargo" "+e6e4f7ed1589e03bc2f6c5931c1a72e7947e8682" "metadata" "--no-deps" "--format-version=1", kill_on_drop: false }`
[INFO] [stdout] 709c59480d19179bf446935258de32e0ff8c5523d716348cf9a9c16d565162ac
[INFO] running `Command { std: "docker" "start" "-a" "709c59480d19179bf446935258de32e0ff8c5523d716348cf9a9c16d565162ac", kill_on_drop: false }`
[INFO] running `Command { std: "docker" "inspect" "709c59480d19179bf446935258de32e0ff8c5523d716348cf9a9c16d565162ac", kill_on_drop: false }`
[INFO] running `Command { std: "docker" "rm" "-f" "709c59480d19179bf446935258de32e0ff8c5523d716348cf9a9c16d565162ac", kill_on_drop: false }`
[INFO] [stdout] 709c59480d19179bf446935258de32e0ff8c5523d716348cf9a9c16d565162ac
[INFO] running `Command { std: "docker" "create" "-v" "/var/lib/crater-agent-workspace/builds/worker-4-tc2/target:/opt/rustwide/target:rw,Z" "-v" "/var/lib/crater-agent-workspace/builds/worker-4-tc2/source:/opt/rustwide/workdir:ro,Z" "-v" "/var/lib/crater-agent-workspace/cargo-home:/opt/rustwide/cargo-home:ro,Z" "-v" "/var/lib/crater-agent-workspace/rustup-home:/opt/rustwide/rustup-home:ro,Z" "-e" "SOURCE_DIR=/opt/rustwide/workdir" "-e" "CARGO_TARGET_DIR=/opt/rustwide/target" "-e" "CARGO_INCREMENTAL=0" "-e" "RUST_BACKTRACE=full" "-e" "RUSTFLAGS=--cap-lints=forbid" "-e" "RUSTDOCFLAGS=--cap-lints=forbid" "-e" "CARGO_HOME=/opt/rustwide/cargo-home" "-e" "RUSTUP_HOME=/opt/rustwide/rustup-home" "-w" "/opt/rustwide/workdir" "-m" "1610612736" "--user" "0:0" "--network" "none" "ghcr.io/rust-lang/crates-build-env/linux@sha256:19e73879b68f455e41552ea35293514db52ea292d993f571636dbffedb77a1ee" "/opt/rustwide/cargo-home/bin/cargo" "+e6e4f7ed1589e03bc2f6c5931c1a72e7947e8682" "check" "--frozen" "--all" "--all-targets" "--message-format=json", kill_on_drop: false }`
[INFO] [stdout] 10f5588f1242fe6ebca3f0088e3541ab93bb8e9a87caeefb3bc8c05ada237fbb
[INFO] running `Command { std: "docker" "start" "-a" "10f5588f1242fe6ebca3f0088e3541ab93bb8e9a87caeefb3bc8c05ada237fbb", kill_on_drop: false }`
[INFO] [stderr]    Compiling libc v0.2.131
[INFO] [stderr]    Compiling typenum v1.15.0
[INFO] [stderr]    Compiling generic-array v0.14.6
[INFO] [stderr]    Compiling unicode-xid v0.1.0
[INFO] [stderr]    Compiling proc-macro2 v0.4.27
[INFO] [stderr]    Compiling syn v0.15.29
[INFO] [stderr]    Compiling version_check v0.1.5
[INFO] [stderr]     Checking cfg-if v0.1.7
[INFO] [stderr]    Compiling serde v1.0.89
[INFO] [stderr]    Compiling memchr v2.2.0
[INFO] [stderr]    Compiling byteorder v1.3.1
[INFO] [stderr]    Compiling indexmap v1.9.1
[INFO] [stderr]    Compiling proc-macro2 v1.0.43
[INFO] [stderr]     Checking log v0.4.6
[INFO] [stderr]     Checking tinyvec_macros v0.1.0
[INFO] [stderr]    Compiling quote v1.0.21
[INFO] [stderr]     Checking matches v0.1.8
[INFO] [stderr]    Compiling unicode-ident v1.0.3
[INFO] [stderr]    Compiling subtle v2.4.1
[INFO] [stderr]     Checking tinyvec v1.6.0
[INFO] [stderr]    Compiling opaque-debug v0.3.0
[INFO] [stderr]    Compiling quote v0.6.11
[INFO] [stderr]     Checking unicode-bidi v0.3.4
[INFO] [stderr]    Compiling unicase v1.4.2
[INFO] [stderr]     Checking unicode-normalization v0.1.21
[INFO] [stderr]    Compiling syn v1.0.99
[INFO] [stderr]    Compiling yansi v0.4.0
[INFO] [stderr]    Compiling httparse v1.3.3
[INFO] [stderr]     Checking ppv-lite86 v0.2.16
[INFO] [stderr]    Compiling yansi v0.5.0
[INFO] [stderr]    Compiling cfg-if v1.0.0
[INFO] [stderr]    Compiling pear_codegen v0.1.2
[INFO] [stderr]    Compiling cipher v0.2.5
[INFO] [stderr]     Checking time v0.1.42
[INFO] [stderr]    Compiling regex v1.1.2
[INFO] [stderr]     Checking hashbrown v0.12.3
[INFO] [stderr]    Compiling universal-hash v0.4.1
[INFO] [stderr]    Compiling digest v0.9.0
[INFO] [stderr]    Compiling getrandom v0.2.7
[INFO] [stderr]    Compiling cpuid-bool v0.2.0
[INFO] [stderr]    Compiling polyval v0.4.5
[INFO] [stderr]    Compiling rand_core v0.6.3
[INFO] [stderr]    Compiling aes-soft v0.6.4
[INFO] [stderr]    Compiling crypto-mac v0.10.1
[INFO] [stderr]    Compiling num-traits v0.2.6
[INFO] [stderr]    Compiling ryu v0.2.7
[INFO] [stderr]    Compiling bitflags v1.0.4
[INFO] [stderr]     Checking percent-encoding v2.1.0
[INFO] [stderr]    Compiling rand_chacha v0.3.1
[INFO] [stderr]    Compiling aes v0.6.0
[INFO] [stderr]    Compiling hmac v0.10.1
[INFO] [stderr]    Compiling ghash v0.3.1
[INFO] [stderr]    Compiling log v0.3.9
[INFO] [stderr]    Compiling ctr v0.6.0
[INFO] [stderr]    Compiling block-buffer v0.9.0
[INFO] [stderr]    Compiling aead v0.3.2
[INFO] [stderr]     Checking idna v0.1.5
[INFO] [stderr]     Checking percent-encoding v1.0.1
[INFO] [stderr]    Compiling num-integer v0.1.39
[INFO] [stderr]    Compiling getrandom v0.1.16
[INFO] [stderr]    Compiling cpufeatures v0.2.2
[INFO] [stderr]     Checking base64 v0.13.0
[INFO] [stderr]    Compiling cc v1.0.31
[INFO] [stderr]    Compiling safemem v0.3.0
[INFO] [stderr]    Compiling base64 v0.9.3
[INFO] [stderr]    Compiling url v1.7.2
[INFO] [stderr]    Compiling sha2 v0.9.9
[INFO] [stderr]    Compiling aes-gcm v0.8.0
[INFO] [stderr]    Compiling mime v0.2.6
[INFO] [stderr]    Compiling rand v0.8.5
[INFO] [stderr]    Compiling hkdf v0.10.0
[INFO] [stderr]    Compiling num_cpus v1.10.0
[INFO] [stderr]    Compiling backtrace-sys v0.1.28
[INFO] [stderr]    Compiling devise_core v0.2.1
[INFO] [stderr]     Checking itoa v0.4.3
[INFO] [stderr]     Checking ucd-util v0.1.3
[INFO] [stderr]    Compiling language-tags v0.2.2
[INFO] [stderr]    Compiling typeable v0.1.2
[INFO] [stderr]    Compiling ucd-trie v0.1.1
[INFO] [stderr]    Compiling futures-core v0.3.23
[INFO] [stderr]    Compiling traitobject v0.1.0
[INFO] [stderr]    Compiling autocfg v0.1.2
[INFO] [stderr]    Compiling hyper v0.10.15
[INFO] [stderr]    Compiling cookie v0.11.4
[INFO] [stderr]    Compiling pest v2.1.0
[INFO] [stderr]    Compiling backtrace v0.3.14
[INFO] [stderr]     Checking regex-syntax v0.6.5
[INFO] [stderr]     Checking thread_local v0.3.6
[INFO] [stderr]    Compiling rocket_codegen v0.4.11
[INFO] [stderr]     Checking aho-corasick v0.6.10
[INFO] [stderr]     Checking utf8-ranges v1.0.2
[INFO] [stderr]    Compiling maplit v1.0.1
[INFO] [stderr]     Checking unic-char-range v0.7.0
[INFO] [stderr]    Compiling lazy_static v1.4.0
[INFO] [stderr]    Compiling smallvec v1.9.0
[INFO] [stderr]    Compiling state v0.4.1
[INFO] [stderr]     Checking unic-common v0.7.0
[INFO] [stderr]    Compiling futures-task v0.3.23
[INFO] [stderr]     Checking unic-ucd-version v0.7.0
[INFO] [stderr]     Checking unic-char-property v0.7.0
[INFO] [stderr]    Compiling pest_meta v2.1.0
[INFO] [stderr]    Compiling serde_derive v1.0.89
[INFO] [stdout] error[E0557]: feature has been removed
[INFO] [stdout]  --> /opt/rustwide/cargo-home/registry/src/index.crates.io-6f17d22bba15001f/pear_codegen-0.1.2/src/lib.rs:1:12
[INFO] [stdout]   |
[INFO] [stdout] 1 | #![feature(crate_visibility_modifier)]
[INFO] [stdout]   |            ^^^^^^^^^^^^^^^^^^^^^^^^^ feature has been removed
[INFO] [stdout]   |
[INFO] [stdout]   = note: removed in favor of `pub(crate)`
[INFO] [stdout] 
[INFO] [stdout] 
[INFO] [stdout] error: expected one of `!` or `::`, found keyword `struct`
[INFO] [stdout]   --> /opt/rustwide/cargo-home/registry/src/index.crates.io-6f17d22bba15001f/pear_codegen-0.1.2/src/parser.rs:10:7
[INFO] [stdout]    |
[INFO] [stdout] 10 | crate struct Diagnostic(crate ::proc_macro::Diagnostic);
[INFO] [stdout]    |       ^^^^^^ expected one of `!` or `::`
[INFO] [stdout] 
[INFO] [stdout] 
[INFO] [stdout] error[E0412]: cannot find type `PResult` in this scope
[INFO] [stdout]   --> /opt/rustwide/cargo-home/registry/src/index.crates.io-6f17d22bba15001f/pear_codegen-0.1.2/src/lib.rs:65:39
[INFO] [stdout]    |
[INFO] [stdout] 65 | fn extract_input_ident(f: &ItemFn) -> PResult<Ident> {
[INFO] [stdout]    |                                       ^^^^^^^ help: a type alias with a similar name exists: `Result`
[INFO] [stdout]    |
[INFO] [stdout]   ::: /opt/rustwide/cargo-home/registry/src/index.crates.io-6f17d22bba15001f/syn-0.15.29/src/error.rs:18:1
[INFO] [stdout]    |
[INFO] [stdout] 18 | pub type Result<T> = std::result::Result<T, Error>;
[INFO] [stdout]    | ------------------ similarly named type alias `Result` defined here
[INFO] [stdout] 
[INFO] [stdout] 
[INFO] [stdout] error[E0412]: cannot find type `PResult` in this scope
[INFO] [stdout]   --> /opt/rustwide/cargo-home/registry/src/index.crates.io-6f17d22bba15001f/pear_codegen-0.1.2/src/lib.rs:78:44
[INFO] [stdout]    |
[INFO] [stdout] 78 | fn parser_attribute(input: TokenStream) -> PResult<TokenStream2> {
[INFO] [stdout]    |                                            ^^^^^^^ help: a type alias with a similar name exists: `Result`
[INFO] [stdout]    |
[INFO] [stdout]   ::: /opt/rustwide/cargo-home/registry/src/index.crates.io-6f17d22bba15001f/syn-0.15.29/src/error.rs:18:1
[INFO] [stdout]    |
[INFO] [stdout] 18 | pub type Result<T> = std::result::Result<T, Error>;
[INFO] [stdout]    | ------------------ similarly named type alias `Result` defined here
[INFO] [stdout] 
[INFO] [stdout] 
[INFO] [stdout] error[E0412]: cannot find type `Case` in this scope
[INFO] [stdout]    --> /opt/rustwide/cargo-home/registry/src/index.crates.io-6f17d22bba15001f/pear_codegen-0.1.2/src/lib.rs:142:6
[INFO] [stdout]     |
[INFO] [stdout] 142 | impl Case {
[INFO] [stdout]     |      ^^^^ not found in this scope
[INFO] [stdout] 
[INFO] [stdout] 
[INFO] [stdout] error[E0412]: cannot find type `Case` in this scope
[INFO] [stdout]    --> /opt/rustwide/cargo-home/registry/src/index.crates.io-6f17d22bba15001f/pear_codegen-0.1.2/src/lib.rs:144:38
[INFO] [stdout]     |
[INFO] [stdout] 144 |         where I: Iterator<Item = &'a Case>
[INFO] [stdout]     |                                      ^^^^ not found in this scope
[INFO] [stdout] 
[INFO] [stdout] 
[INFO] [stdout] error[E0433]: failed to resolve: use of undeclared type `Pattern`
[INFO] [stdout]    --> /opt/rustwide/cargo-home/registry/src/index.crates.io-6f17d22bba15001f/pear_codegen-0.1.2/src/lib.rs:161:13
[INFO] [stdout]     |
[INFO] [stdout] 161 |             Pattern::Wild(..) => quote!(#case_expr),
[INFO] [stdout]     |             ^^^^^^^ use of undeclared type `Pattern`
[INFO] [stdout]     |
[INFO] [stdout] help: consider importing this trait
[INFO] [stdout]     |
[INFO] [stdout] 13  + use std::str::pattern::Pattern;
[INFO] [stdout]     |
[INFO] [stdout] 
[INFO] [stdout] 
[INFO] [stdout] error[E0433]: failed to resolve: use of undeclared type `Pattern`
[INFO] [stdout]    --> /opt/rustwide/cargo-home/registry/src/index.crates.io-6f17d22bba15001f/pear_codegen-0.1.2/src/lib.rs:162:13
[INFO] [stdout]     |
[INFO] [stdout] 162 |             Pattern::Calls(ref calls) => {
[INFO] [stdout]     |             ^^^^^^^ use of undeclared type `Pattern`
[INFO] [stdout]     |
[INFO] [stdout] help: consider importing this trait
[INFO] [stdout]     |
[INFO] [stdout] 13  + use std::str::pattern::Pattern;
[INFO] [stdout]     |
[INFO] [stdout] 
[INFO] [stdout] 
[INFO] [stdout] error[E0412]: cannot find type `Switch` in this scope
[INFO] [stdout]    --> /opt/rustwide/cargo-home/registry/src/index.crates.io-6f17d22bba15001f/pear_codegen-0.1.2/src/lib.rs:201:6
[INFO] [stdout]     |
[INFO] [stdout] 201 | impl Switch {
[INFO] [stdout]     |      ^^^^^^ not found in this scope
[INFO] [stdout] 
[INFO] [stdout] 
[INFO] [stdout] error[E0433]: failed to resolve: use of undeclared type `Diagnostic`
[INFO] [stdout]    --> /opt/rustwide/cargo-home/registry/src/index.crates.io-6f17d22bba15001f/pear_codegen-0.1.2/src/lib.rs:215:13
[INFO] [stdout]     |
[INFO] [stdout] 215 |             Diagnostic::emit(e.into());
[INFO] [stdout]     |             ^^^^^^^^^^ use of undeclared type `Diagnostic`
[INFO] [stdout]     |
[INFO] [stdout] help: consider importing one of these items
[INFO] [stdout]     |
[INFO] [stdout] 13  + use proc_macro::Diagnostic;
[INFO] [stdout]     |
[INFO] [stdout] 13  + use proc_macro::bridge::Diagnostic;
[INFO] [stdout]     |
[INFO] [stdout] 
[INFO] [stdout] 
[INFO] [stdout] error[E0433]: failed to resolve: use of undeclared type `Case`
[INFO] [stdout]    --> /opt/rustwide/cargo-home/registry/src/index.crates.io-6f17d22bba15001f/pear_codegen-0.1.2/src/lib.rs:185:35
[INFO] [stdout]     |
[INFO] [stdout] 185 |                 let rest_tokens = Case::to_tokens(&input, parser_name, cases);
[INFO] [stdout]     |                                   ^^^^ use of undeclared type `Case`
[INFO] [stdout] 
[INFO] [stdout] 
[INFO] [stdout] error[E0433]: failed to resolve: use of undeclared type `Case`
[INFO] [stdout]    --> /opt/rustwide/cargo-home/registry/src/index.crates.io-6f17d22bba15001f/pear_codegen-0.1.2/src/lib.rs:203:9
[INFO] [stdout]     |
[INFO] [stdout] 203 |         Case::to_tokens(&self.input, &self.parser_name, self.cases.iter())
[INFO] [stdout]     |         ^^^^ use of undeclared type `Case`
[INFO] [stdout] 
[INFO] [stdout] 
[INFO] [stdout] error[E0433]: failed to resolve: use of undeclared type `Switch`
[INFO] [stdout]    --> /opt/rustwide/cargo-home/registry/src/index.crates.io-6f17d22bba15001f/pear_codegen-0.1.2/src/lib.rs:212:11
[INFO] [stdout]     |
[INFO] [stdout] 212 |     match Switch::syn_parse.parse(input) {
[INFO] [stdout]     |           ^^^^^^ use of undeclared type `Switch`
[INFO] [stdout] 
[INFO] [stdout] 
[INFO] [stdout] error: aborting due to 13 previous errors
[INFO] [stdout] 
[INFO] [stdout] 
[INFO] [stdout] Some errors have detailed explanations: E0412, E0433, E0557.
[INFO] [stdout] 
[INFO] [stdout] For more information about an error, try `rustc --explain E0412`.
[INFO] [stdout] 
[INFO] [stderr] error: could not compile `pear_codegen` (lib) due to 14 previous errors
[INFO] [stderr] warning: build failed, waiting for other jobs to finish...
[INFO] running `Command { std: "docker" "inspect" "10f5588f1242fe6ebca3f0088e3541ab93bb8e9a87caeefb3bc8c05ada237fbb", kill_on_drop: false }`
[INFO] running `Command { std: "docker" "rm" "-f" "10f5588f1242fe6ebca3f0088e3541ab93bb8e9a87caeefb3bc8c05ada237fbb", kill_on_drop: false }`
[INFO] [stdout] 10f5588f1242fe6ebca3f0088e3541ab93bb8e9a87caeefb3bc8c05ada237fbb
